{"id":4376,"date":"2020-10-14T11:41:28","date_gmt":"2021-03-11T07:56:38","guid":{"rendered":"https:\/\/montalcinoceramiche.it\/prodotto\/oelflaeschchen-cipolla\/"},"modified":"2021-03-11T08:56:38","modified_gmt":"2021-03-11T07:56:38","slug":"oliera-cipolla-decorazione-paesaggio-e-geometrico","status":"publish","type":"product","link":"https:\/\/montalcinoceramiche.it\/de\/prodotto\/oliera-cipolla-decorazione-paesaggio-e-geometrico\/","title":{"rendered":"\u00d6lfl\u00e4schchen &#8222;Cipolla&#8220;"},"content":{"rendered":"<p>UNSERE PRODUKTE SIND F\u00dcR DEN LEBENSMITTELGEBRAUCH GEEIGNET, K\u00d6NNEN IN DER MIKROWELLE VERWENDET UND IM SP\u00dcLMASCHINEN GEWASCHEN WERDEN.<\/p>\n<p>SIE SIND HANDWERKPRODUKTE, KRISTALLISIERT UND HANDGEMALT, DAHER IST JEDES EINZELNE ST\u00dcCK ALS EINZIGARTIG ZU BETRACHTEN.<\/p>\n","protected":false},"excerpt":{"rendered":"<h4>Toskanische und geometrische Landschaftsdekoration<\/h4>\n<p>Keramik \u00d6lfl\u00e4schchen handgemacht und handgemalt.<\/p>\n<p><em>Der \u00d6lfl\u00e4schchen ist ein notwendiges Accessoire in jeder K\u00fcche. Unsere \u00d6lfl\u00e4schchen eignet sich perfekt zum Kochen und Servieren.<\/em><\/p>\n","protected":false},"featured_media":4377,"template":"","meta":{"_et_pb_use_builder":"","_et_pb_old_content":"","_et_gb_content_width":"","inline_featured_image":false,"_glsr_average":0,"_glsr_ranking":0,"_glsr_reviews":0},"product_brand":[],"product_cat":[176,177],"product_tag":[],"class_list":{"0":"post-4376","1":"product","2":"type-product","3":"status-publish","4":"has-post-thumbnail","6":"product_cat-keramik-in-der-kuche","7":"product_cat-oliere-de","9":"first","10":"outofstock","11":"shipping-taxable","12":"purchasable","13":"product-type-simple"},"_links":{"self":[{"href":"https:\/\/montalcinoceramiche.it\/de\/wp-json\/wp\/v2\/product\/4376","targetHints":{"allow":["GET"]}}],"collection":[{"href":"https:\/\/montalcinoceramiche.it\/de\/wp-json\/wp\/v2\/product"}],"about":[{"href":"https:\/\/montalcinoceramiche.it\/de\/wp-json\/wp\/v2\/types\/product"}],"wp:featuredmedia":[{"embeddable":true,"href":"https:\/\/montalcinoceramiche.it\/de\/wp-json\/wp\/v2\/media\/4377"}],"wp:attachment":[{"href":"https:\/\/montalcinoceramiche.it\/de\/wp-json\/wp\/v2\/media?parent=4376"}],"wp:term":[{"taxonomy":"product_brand","embeddable":true,"href":"https:\/\/montalcinoceramiche.it\/de\/wp-json\/wp\/v2\/product_brand?post=4376"},{"taxonomy":"product_cat","embeddable":true,"href":"https:\/\/montalcinoceramiche.it\/de\/wp-json\/wp\/v2\/product_cat?post=4376"},{"taxonomy":"product_tag","embeddable":true,"href":"https:\/\/montalcinoceramiche.it\/de\/wp-json\/wp\/v2\/product_tag?post=4376"}],"curies":[{"name":"wp","href":"https:\/\/api.w.org\/{rel}","templated":true}]}}

Ölfläschchen &#8222;Cipolla&#8220;

<p>UNSERE PRODUKTE SIND FÜR DEN LEBENSMITTELGEBRAUCH GEEIGNET, KÖNNEN IN DER MIKROWELLE VERWENDET UND IM SPÜLMASCHINEN GEWASCHEN WERDEN.</p>
<p>SIE SIND HANDWERKPRODUKTE, KRISTALLISIERT UND HANDGEMALT, DAHER IST JEDES EINZELNE STÜCK ALS EINZIGARTIG ZU BETRACHTEN.</p>

<h4>Toskanische und geometrische Landschaftsdekoration</h4>
<p>Keramik Ölfläschchen handgemacht und handgemalt.</p>
<p><em>Der Ölfläschchen ist ein notwendiges Accessoire in jeder Küche. Unsere Ölfläschchen eignet sich perfekt zum Kochen und Servieren.</em></p>
