{"id":2101,"date":"2021-01-07T22:28:57","date_gmt":"2021-01-07T21:28:57","guid":{"rendered":"https:\/\/montalcinoceramiche.it\/prodotto\/set-tazze-pollicino\/"},"modified":"2021-03-10T11:58:00","modified_gmt":"2021-03-10T10:58:00","slug":"set-tazze-pollicino","status":"publish","type":"product","link":"https:\/\/montalcinoceramiche.it\/es\/productos\/set-tazze-pollicino\/","title":{"rendered":"Set tazas \u00abPollicino\u00bb"},"content":{"rendered":"<p>NUESTROS PRODUCTOS SON ADECUADOS PARA USO ALIMENTARIO, SE PUEDEN UTILIZAR EN EL MICROONDAS Y SE PUEDEN LAVAR EN LA LAVAVAJILLAS.<\/p>\n<p>SE TRATA DE PRODUCTOS ARTESANOS, ESMALTADOS Y PINTADOS A MANO, POR LO QUE CADA PIEZA SE DEBE CONSIDERAR \u00daNICA.<\/p>\n","protected":false},"excerpt":{"rendered":"<h4>Decoraci\u00f3n geom\u00e9trica y paisaje toscano<\/h4>\n<p>Set caf\u00e9 de cer\u00e1mica hecho y pintado a mano.<\/p>\n<p><em>El conjunto propuesto ofrece dos tazas por bandeja. El par de tazas que ofrecemos son de tama\u00f1o mediano y, por lo tanto, se pueden usar para servir un peque\u00f1o capuchino, caf\u00e9 con leche o caf\u00e9 americano.<\/em><\/p>\n<p>&nbsp;<\/p>\n<p>&nbsp;<\/p>\n","protected":false},"featured_media":2075,"template":"","meta":{"_et_pb_use_builder":"","_et_pb_old_content":"","_et_gb_content_width":"","inline_featured_image":false,"_glsr_average":0,"_glsr_ranking":0,"_glsr_reviews":0},"product_brand":[],"product_cat":[88,97],"product_tag":[],"class_list":{"0":"post-2101","1":"product","2":"type-product","3":"status-publish","4":"has-post-thumbnail","6":"product_cat-ceramica-en-la-cocina","7":"product_cat-tazas-es","9":"first","10":"outofstock","11":"shipping-taxable","12":"purchasable","13":"product-type-simple"},"_links":{"self":[{"href":"https:\/\/montalcinoceramiche.it\/es\/wp-json\/wp\/v2\/product\/2101","targetHints":{"allow":["GET"]}}],"collection":[{"href":"https:\/\/montalcinoceramiche.it\/es\/wp-json\/wp\/v2\/product"}],"about":[{"href":"https:\/\/montalcinoceramiche.it\/es\/wp-json\/wp\/v2\/types\/product"}],"wp:featuredmedia":[{"embeddable":true,"href":"https:\/\/montalcinoceramiche.it\/es\/wp-json\/wp\/v2\/media\/2075"}],"wp:attachment":[{"href":"https:\/\/montalcinoceramiche.it\/es\/wp-json\/wp\/v2\/media?parent=2101"}],"wp:term":[{"taxonomy":"product_brand","embeddable":true,"href":"https:\/\/montalcinoceramiche.it\/es\/wp-json\/wp\/v2\/product_brand?post=2101"},{"taxonomy":"product_cat","embeddable":true,"href":"https:\/\/montalcinoceramiche.it\/es\/wp-json\/wp\/v2\/product_cat?post=2101"},{"taxonomy":"product_tag","embeddable":true,"href":"https:\/\/montalcinoceramiche.it\/es\/wp-json\/wp\/v2\/product_tag?post=2101"}],"curies":[{"name":"wp","href":"https:\/\/api.w.org\/{rel}","templated":true}]}}

<p>NUESTROS PRODUCTOS SON ADECUADOS PARA USO ALIMENTARIO, SE PUEDEN UTILIZAR EN EL MICROONDAS Y SE PUEDEN LAVAR EN LA LAVAVAJILLAS.</p>
<p>SE TRATA DE PRODUCTOS ARTESANOS, ESMALTADOS Y PINTADOS A MANO, POR LO QUE CADA PIEZA SE DEBE CONSIDERAR ÚNICA.</p>

<h4>Decoración geométrica y paisaje toscano</h4>
<p>Set café de cerámica hecho y pintado a mano.</p>
<p><em>El conjunto propuesto ofrece dos tazas por bandeja. El par de tazas que ofrecemos son de tamaño mediano y, por lo tanto, se pueden usar para servir un pequeño capuchino, café con leche o café americano.</em></p>
<p>&nbsp;</p>
<p>&nbsp;</p>
